hest common divisor of 105 and 43701945?
105
Calculate the highest common factor of 87 and 26340033.
87
Calculate the highest common factor of 141789989 and 44.
11
Calculate the greatest common factor of 3540 and 50028.
12
What is the greatest common factor of 9086 and 159739314?
826
Calculate the greatest common factor of 50921072 and 1608.
536
Calculate the highest common factor of 11479450 and 1825.
25
What is the highest common factor of 46194309 and 1953?
1953
What is the greatest common factor of 96 and 886227?
3
Calculate the highest common factor of 55 and 269211635.
55
What is the greatest common divisor of 3901 and 5908189?
83
What is the highest common divisor of 1296 and 171702?
18
What is the highest common divisor of 11043 and 5975490?
1227
Calculate the highest common factor of 19347 and 165017012.
6449
Calculate the highest common divisor of 12630 and 3006533610.
12630
Calculate the highest common factor of 30996623 and 2043.
227
What is the greatest common factor of 3334478 and 26402?
86
What is the highest common divisor of 70 and 46230010?
10
What is the highest common factor of 12374 and 303970?
538
What is the highest common divisor of 37899044 and 8940?
596
Calculate the greatest common divisor of 49032 and 46899.
27
What is the greatest common divisor of 3678389 and 2387?
11
Calculate the greatest common factor of 44478513 and 9.
9
What is the highest common factor of 396 and 4082067?
99
Calculate the highest common divisor of 77 and 6192998.
7
What is the highest common divisor of 72962622 and 190?
38
Calculate the greatest common factor of 34 and 4930391.
17
Calculate the highest common divisor of 4818 and 924704.
22
What is the greatest common divisor of 10936 and 3318856?
8
Calculate the highest common factor of 9814791 and 15.
3
What is the highest common factor of 51612 and 715668?
276
What is the greatest common divisor of 19433120 and 2240?
1120
What is the greatest common factor of 425 and 74743135?
85
Calculate the greatest common factor of 133175 and 5197630.
3805
What is the highest common factor of 649980 and 640665?
1035
What is the highest common divisor of 32728839 and 186?
93
What is the greatest common divisor of 185552 and 3280?
16
Calculate the highest common factor of 647104729 and 37.
37
Calculate the greatest common divisor of 961755 and 538059.
291
What is the highest common factor of 66 and 4713085542?
66
Calculate the greatest common factor of 10440184 and 16344.
1816
What is the greatest common factor of 17500640 and 410?
10
Calculate the greatest common divisor of 25862 and 12376704.
386
What is the highest common factor of 1124588 and 9702244?
4276
Calculate the greatest common divisor of 33111 and 20371.
13
What is the highest common divisor of 5103 and 1675863?
189
What is the highest common factor of 2226666514 and 2974?
2974
Calculate the greatest common factor of 66568675 and 2425.
2425
Calculate the highest common factor of 30792993 and 154.
77
What is the greatest common factor of 31524 and 3367956?
852
Calculate the greatest common factor of 73681088 and 287560.
8216
What is the highest common factor of 12588 and 87396?
12
What is the greatest common factor of 108 and 58492260?
108
What is the highest common factor of 266364 and 225792?
1764
What is the highest common divisor of 17855 and 273365?
5
Calculate the greatest common factor of 33384 and 1037166.
78
Calculate the highest common factor of 31 and 43788089.
31
What is the highest common factor of 2033 and 66557?
19
What is the greatest common divisor of 6536279 and 2567?
17
What is the highest common factor of 73049060 and 1680?
140
Calculate the greatest common divisor of 6789 and 263019.
219
What is the highest common factor of 88914 and 251544057?
6351
Calculate the greatest common divisor of 3949094430 and 5815.
5815
Calculate the highest common factor of 583 and 794981.
11
Calculate the highest common divisor of 6660 and 134535996.
1332
Calculate the highest common factor of 44775891 and 18.
9
What is the highest common factor of 260832 and 12744?
24
What is the highest common divisor of 3097220 and 175?
35
What is the highest common factor of 29109749 and 305?
61
What is the highest common factor of 69 and 1790044?
23
Calculate the greatest common factor of 4339 and 2912722971.
4339
Calculate the highest common factor of 819476913 and 3243.
3243
Calculate the highest common divisor of 84420 and 6501060.
180
Calculate the highest common factor of 135260136 and 30217.
737
What is the highest common divisor of 9388279 and 327?
109
Calculate the highest common factor of 3880947 and 84252.
357
What is the highest common factor of 9995636 and 697984?
1148
What is the greatest common factor of 4040 and 50167710?
1010
Calculate the greatest common factor of 6150 and 830689725.
3075
Calculate the greatest common divisor of 125143 and 36317.
23
What is the greatest common divisor of 1371 and 29157?
3
Calculate the greatest common factor of 83819389 and 293.
293
Calculate the greatest common divisor of 2 and 1494308.
2
What is the greatest common factor of 20880878 and 282?
94
Calculate the highest common factor of 1119 and 1674397.
373
Calculate the greatest common divisor of 6504234 and 9207.
1023
What is the highest common factor of 27560 and 58370?
130
Calculate the highest common factor of 1580 and 2609844.
316
What is the greatest common divisor of 33354 and 271116?
306
Calculate the highest common factor of 1568756 and 185296.
1252
Calculate the greatest common factor of 3781096 and 13376.
88
What is the highest common divisor of 28416 and 1366764?
12
Calculate the greatest common divisor of 287013 and 5133.
87
Calculate the highest common divisor of 103852820 and 920.
460
Calculate the greatest common divisor of 178186 and 117342.
4346
What is the highest common divisor of 1562184 and 5004?
36
What is the greatest common divisor of 95788 and 35602?
14
Calculate the highest common divisor of 153234984 and 6076.
868
What is the highest common divisor of 93954 and 2695585?
2237
Calculate the highest common divisor of 95132860 and 20.
20
What is the greatest common factor of 94 and 14955118?
94
Calculate the greatest common divisor of 5833 and 2455.
1
What is the highest common factor of 8080 and 439235870?
1010
Calculate the highest common factor of 301770560 and 1204.
1204
Calculate the highest common factor of 8832 and 302352.
48
Calculate the greatest common factor of 1794 and 4015386.
138
What is the greatest common divisor of 1543068 and 3408?
12
What is the highest common divisor of 48667470 and 120?
30
What is the highest common factor of 8 and 97390456?
8
Calculate the highest common divisor of 175357638 and 558.
558
Calculate the highest common divisor of 52 and 77785136.
52
Calculate the highest common divisor of 215506395 and 234.
117
Calculate the highest common factor of 3368232 and 265527.
1467
What is the greatest common factor of 40 and 118908152?
8
Calculate the greatest common factor of 8330 and 17862410.
170
Calculate the highest common divisor of 10770828 and 7536.
1884
Calculate the highest common divisor of 33031 and 6952054.
1943
Calculate the highest common divisor of 592360254 and 4716.
2358
Calculate the greatest common factor of 5292332 and 1036.
148
Calculate the highest common divisor of 1499013 and 2419.
59
Calculate the highest common factor of 57662920 and 252.
28
Calculate the highest common divisor of 2171 and 7362529.
167
Calculate the highest common factor of 309510 and 11250.
90
Calculate the greatest common divisor of 6 and 3082926.
6
Calculate the greatest common divisor of 2421 and 23150409.
807
Calculate the greatest common divisor of 39598 and 482791.
1523
What is the highest common factor of 377 and 1325671113?
377
What is the highest common divisor of 23516355 and 10965?
255
Calculate the highest common factor of 64 and 310932224.
64
What is the highest common factor of 28971 and 331779?
111
What is the highest common divisor of 1370 and 9871535?
685
What is the highest common factor of 5348730 and 930?
30
Calculate the highest common divisor of 285306395 and 22.
11
Calculate the highest common divisor of 279 and 26862372.
9
What is the greatest common divisor of 4672 and 4752008